CRAN Package Check Results for Package arkdb

Last updated on 2023-02-02 06:54:42 CET.

Flavor Version Tinstall Tcheck Ttotal Status Flags
r-devel-linux-x86_64-debian-clang 0.0.16 4.09 273.42 277.51 OK
r-devel-linux-x86_64-debian-gcc 0.0.16 2.92 210.61 213.53 OK
r-devel-linux-x86_64-fedora-clang 0.0.16 344.67 OK
r-devel-linux-x86_64-fedora-gcc 0.0.16 352.88 OK
r-devel-windows-x86_64 0.0.16 24.00 338.00 362.00 OK
r-patched-linux-x86_64 0.0.16 3.55 260.51 264.06 OK
r-release-linux-x86_64 0.0.16 3.58 264.85 268.43 OK
r-release-macos-arm64 0.0.16 101.00 OK
r-release-macos-x86_64 0.0.16 153.00 OK
r-release-windows-x86_64 0.0.16 25.00 338.00 363.00 OK
r-oldrel-macos-arm64 0.0.16 95.00 OK
r-oldrel-macos-x86_64 0.0.16 148.00 OK
r-oldrel-windows-ix86+x86_64 0.0.16 7.00 325.00 332.00 WARN

Check Details

Version: 0.0.16
Check: for unstated dependencies in ‘tests’
Result: WARN
    Warning: unable to access index for repository https://bioconductor.org/packages/3.14/bioc/src/contrib:
     cannot open URL 'https://bioconductor.org/packages/3.14/bioc/src/contrib/PACKAGES'
    Warning: unable to access index for repository https://bioconductor.org/packages/3.14/data/annotation/src/contrib:
     cannot open URL 'https://bioconductor.org/packages/3.14/data/annotation/src/contrib/PACKAGES'
    Warning: unable to access index for repository https://bioconductor.org/packages/3.14/data/experiment/src/contrib:
     cannot open URL 'https://bioconductor.org/packages/3.14/data/experiment/src/contrib/PACKAGES'
Flavor: r-oldrel-windows-ix86+x86_64