CRAN Package Check Results for Package argonDash

Last updated on 2023-02-07 07:53:51 CET.

Flavor Version Tinstall Tcheck Ttotal Status Flags
r-devel-linux-x86_64-debian-clang 0.2.0 3.04 24.89 27.93 NOTE
r-devel-linux-x86_64-debian-gcc 0.2.0 2.41 20.17 22.58 NOTE
r-devel-linux-x86_64-fedora-clang 0.2.0 36.74 NOTE
r-devel-linux-x86_64-fedora-gcc 0.2.0 35.11 NOTE
r-devel-windows-x86_64 0.2.0 45.00 64.00 109.00 NOTE
r-patched-linux-x86_64 0.2.0 6.47 24.46 30.93 NOTE
r-release-linux-x86_64 0.2.0 2.71 24.44 27.15 NOTE
r-release-macos-arm64 0.2.0 18.00 NOTE
r-release-macos-x86_64 0.2.0 27.00 NOTE
r-release-windows-x86_64 0.2.0 7.00 66.00 73.00 NOTE
r-oldrel-macos-arm64 0.2.0 21.00 NOTE
r-oldrel-macos-x86_64 0.2.0 31.00 NOTE
r-oldrel-windows-ix86+x86_64 0.2.0 8.00 53.00 61.00 NOTE

Check Details

Version: 0.2.0
Check: LazyData
Result: NOTE
     'LazyData' is specified without a 'data' directory
Flavors: r-devel-linux-x86_64-debian-clang, r-devel-linux-x86_64-debian-gcc, r-devel-linux-x86_64-fedora-clang, r-devel-linux-x86_64-fedora-gcc, r-devel-windows-x86_64, r-patched-linux-x86_64, r-release-linux-x86_64, r-release-macos-arm64, r-release-macos-x86_64, r-release-windows-x86_64, r-oldrel-macos-arm64, r-oldrel-macos-x86_64, r-oldrel-windows-ix86+x86_64