Last updated on 2023-01-26 07:53:44 CET.
Flavor | Version | Tinstall | Tcheck | Ttotal | Status | Flags |
---|---|---|---|---|---|---|
r-devel-linux-x86_64-debian-clang | 1.0.0 | 2.94 | 42.68 | 45.62 | OK | |
r-devel-linux-x86_64-debian-gcc | 1.0.0 | 2.55 | 33.19 | 35.74 | OK | |
r-devel-linux-x86_64-fedora-clang | 1.0.0 | 62.60 | NOTE | |||
r-devel-linux-x86_64-fedora-gcc | 1.0.0 | 74.23 | NOTE | |||
r-devel-windows-x86_64 | 1.0.0 | 26.00 | 82.00 | 108.00 | OK | |
r-patched-linux-x86_64 | 1.0.0 | 3.18 | 42.35 | 45.53 | OK | |
r-release-linux-x86_64 | 1.0.0 | 2.94 | 48.83 | 51.77 | OK | |
r-release-macos-arm64 | 1.0.0 | 23.00 | NOTE | |||
r-release-macos-x86_64 | 1.0.0 | 43.00 | NOTE | |||
r-release-windows-x86_64 | 1.0.0 | 29.00 | 89.00 | 118.00 | OK | |
r-oldrel-macos-arm64 | 1.0.0 | 31.00 | NOTE | |||
r-oldrel-macos-x86_64 | 1.0.0 | 36.00 | NOTE | |||
r-oldrel-windows-ix86+x86_64 | 1.0.0 | 10.00 | 235.00 | 245.00 | OK |
Version: 1.0.0
Check: dependencies in R code
Result: NOTE
Namespaces in Imports field not imported from:
‘purrr’ ‘shinyBS’ ‘shinydashboard’ ‘shinyjs’
All declared Imports should be used.
Flavors: r-devel-linux-x86_64-fedora-clang, r-devel-linux-x86_64-fedora-gcc, r-release-macos-arm64, r-release-macos-x86_64, r-oldrel-macos-arm64, r-oldrel-macos-x86_64