CRAN Package Check Results for Package arealDB

Last updated on 2024-02-26 08:48:38 CET.

Flavor Version Tinstall Tcheck Ttotal Status Flags
r-devel-linux-x86_64-debian-clang 0.6.3 14.49 157.63 172.12 OK
r-devel-linux-x86_64-debian-gcc 0.6.3 11.62 119.28 130.90 OK
r-devel-linux-x86_64-fedora-clang 0.6.3 198.37 NOTE
r-devel-linux-x86_64-fedora-gcc 0.6.3 229.25 OK
r-devel-windows-x86_64 0.6.3 13.00 140.00 153.00 OK
r-patched-linux-x86_64 0.6.3 17.45 150.27 167.72 OK
r-release-linux-x86_64 0.6.3 9.32 152.08 161.40 OK
r-release-macos-arm64 0.6.3 60.00 OK
r-release-macos-x86_64 0.6.3 168.00 OK
r-release-windows-x86_64 0.6.3 16.00 162.00 178.00 OK
r-oldrel-macos-arm64 0.6.3 65.00 OK
r-oldrel-windows-x86_64 0.6.3 18.00 164.00 182.00 OK

Check Details

Version: 0.6.3
Check: Rd cross-references
Result: NOTE Undeclared package ‘beepr’ in Rd xrefs Flavor: r-devel-linux-x86_64-fedora-clang