Last updated on 2023-01-30 09:54:05 CET.
Flavor | Version | Tinstall | Tcheck | Ttotal | Status | Flags |
---|---|---|---|---|---|---|
r-devel-linux-x86_64-debian-clang | 2.3.6 | 11.70 | 95.50 | 107.20 | OK | |
r-devel-linux-x86_64-debian-gcc | 2.3.6 | 8.38 | 69.97 | 78.35 | OK | |
r-devel-linux-x86_64-fedora-clang | 2.3.6 | 130.16 | NOTE | |||
r-devel-linux-x86_64-fedora-gcc | 2.3.6 | 143.78 | OK | |||
r-devel-windows-x86_64 | 2.3.6 | 123.00 | 175.00 | 298.00 | OK | |
r-patched-linux-x86_64 | 2.3.6 | 13.72 | 85.66 | 99.38 | OK | |
r-release-linux-x86_64 | 2.3.6 | 9.25 | 87.50 | 96.75 | OK | |
r-release-macos-arm64 | 2.3.6 | 38.00 | OK | |||
r-release-macos-x86_64 | 2.3.6 | 53.00 | OK | |||
r-release-windows-x86_64 | 2.3.6 | 74.00 | 163.00 | 237.00 | OK | |
r-oldrel-macos-arm64 | 2.3.6 | 43.00 | OK | |||
r-oldrel-macos-x86_64 | 2.3.6 | 53.00 | OK | |||
r-oldrel-windows-ix86+x86_64 | 2.3.6 | 21.00 | 137.00 | 158.00 | OK |
Version: 2.3.6
Check: Rd cross-references
Result: NOTE
Undeclared package ‘rmarkdown’ in Rd xrefs
Flavor: r-devel-linux-x86_64-fedora-clang