CRAN Package Check Results for Package approxOT

Last updated on 2022-10-01 07:07:51 CEST.

Flavor Version Tinstall Tcheck Ttotal Status Flags
r-devel-linux-x86_64-debian-clang 1.0.2 308.64 92.80 401.44 OK
r-devel-linux-x86_64-debian-gcc 1.0.2 235.46 66.46 301.92 OK
r-devel-linux-x86_64-fedora-clang 1.0.2 607.17 OK
r-devel-linux-x86_64-fedora-gcc 1.0.2 534.93 OK
r-devel-windows-x86_64 1.0.2 229.00 140.00 369.00 OK
r-patched-linux-x86_64 1.0.2 258.72 93.45 352.17 OK
r-release-linux-x86_64 1.0.2 265.19 93.97 359.16 OK
r-release-macos-arm64 1.0.2 121.00 NOTE
r-release-macos-x86_64 1.0.2 157.00 NOTE
r-release-windows-x86_64 1.0.2 241.00 135.00 376.00 OK
r-oldrel-macos-arm64 1.0.2 123.00 NOTE
r-oldrel-macos-x86_64 1.0.2 151.00 NOTE
r-oldrel-windows-ix86+x86_64 1.0.2 725.00 215.00 940.00 OK

Check Details

Version: 1.0.2
Check: installed package size
Result: NOTE
     installed size is 36.1Mb
     sub-directories of 1Mb or more:
     libs 35.8Mb
Flavors: r-release-macos-arm64, r-release-macos-x86_64, r-oldrel-macos-arm64, r-oldrel-macos-x86_64