CRAN Package Check Results for Package apache.sedona

Last updated on 2023-01-27 07:50:27 CET.

Flavor Version Tinstall Tcheck Ttotal Status Flags
r-devel-linux-x86_64-debian-clang 1.3.1 9.15 70.22 79.37 OK
r-devel-linux-x86_64-debian-gcc 1.3.1 6.16 51.39 57.55 OK
r-devel-linux-x86_64-fedora-clang 1.3.1 95.27 NOTE
r-devel-linux-x86_64-fedora-gcc 1.3.1 91.30 NOTE
r-devel-windows-x86_64 1.3.1 71.00 129.00 200.00 OK
r-patched-linux-x86_64 1.3.1 8.16 67.09 75.25 OK
r-release-linux-x86_64 1.3.1 7.10 68.53 75.63 OK
r-release-macos-arm64 1.3.1 58.00 OK
r-release-macos-x86_64 1.3.1 72.00 OK
r-release-windows-x86_64 1.3.1 61.00 129.00 190.00 OK
r-oldrel-macos-arm64 1.3.1 60.00 OK
r-oldrel-macos-x86_64 1.3.1 76.00 OK
r-oldrel-windows-ix86+x86_64 1.3.1 22.00 123.00 145.00 OK

Check Details

Version: 1.3.1
Check: dependencies in R code
Result: NOTE
    Namespace in Imports field not imported from: ‘dplyr’
     All declared Imports should be used.
Flavors: r-devel-linux-x86_64-fedora-clang, r-devel-linux-x86_64-fedora-gcc