CRAN Package Check Results for Package anytime

Last updated on 2023-05-30 08:02:12 CEST.

Flavor Version Tinstall Tcheck Ttotal Status Flags
r-devel-linux-x86_64-debian-clang 0.3.9 23.01 36.87 59.88 NOTE
r-devel-linux-x86_64-debian-gcc 0.3.9 20.58 29.57 50.15 NOTE
r-devel-linux-x86_64-fedora-clang 0.3.9 83.13 NOTE
r-devel-linux-x86_64-fedora-gcc 0.3.9 105.46 NOTE
r-devel-windows-x86_64 0.3.9 27.00 86.00 113.00 NOTE
r-patched-linux-x86_64 0.3.9 24.37 37.06 61.43 NOTE
r-release-linux-x86_64 0.3.9 20.65 36.54 57.19 NOTE
r-release-macos-arm64 0.3.9 38.00 NOTE
r-release-macos-x86_64 0.3.9 57.00 NOTE
r-release-windows-x86_64 0.3.9 35.00 95.00 130.00 NOTE
r-oldrel-macos-arm64 0.3.9 31.00 OK
r-oldrel-macos-x86_64 0.3.9 43.00 OK
r-oldrel-windows-x86_64 0.3.9 32.00 85.00 117.00 OK

Check Details

Version: 0.3.9
Check: C++ specification
Result: NOTE
     Specified C++11: please drop specification unless essential
Flavors: r-devel-linux-x86_64-debian-clang, r-devel-linux-x86_64-debian-gcc, r-devel-linux-x86_64-fedora-clang, r-devel-linux-x86_64-fedora-gcc, r-devel-windows-x86_64, r-patched-linux-x86_64, r-release-linux-x86_64, r-release-macos-arm64, r-release-macos-x86_64, r-release-windows-x86_64