Last updated on 2023-02-03 06:50:07 CET.
Flavor | Version | Tinstall | Tcheck | Ttotal | Status | Flags |
---|---|---|---|---|---|---|
r-devel-linux-x86_64-debian-clang | 1.0.6 | 5.21 | 49.50 | 54.71 | OK | |
r-devel-linux-x86_64-debian-gcc | 1.0.6 | 3.41 | 37.60 | 41.01 | NOTE | |
r-devel-linux-x86_64-fedora-clang | 1.0.6 | 68.90 | OK | |||
r-devel-linux-x86_64-fedora-gcc | 1.0.6 | 69.12 | OK | |||
r-devel-windows-x86_64 | 1.0.6 | 116.00 | 110.00 | 226.00 | OK | |
r-patched-linux-x86_64 | 1.0.6 | 7.46 | 43.67 | 51.13 | OK | |
r-release-linux-x86_64 | 1.0.6 | 3.59 | 42.58 | 46.17 | OK | |
r-release-macos-arm64 | 1.0.6 | 23.00 | OK | |||
r-release-macos-x86_64 | 1.0.6 | 32.00 | OK | |||
r-release-windows-x86_64 | 1.0.6 | 94.00 | 82.00 | 176.00 | OK | |
r-oldrel-macos-arm64 | 1.0.6 | 23.00 | OK | |||
r-oldrel-macos-x86_64 | 1.0.6 | 31.00 | OK | |||
r-oldrel-windows-ix86+x86_64 | 1.0.6 | 10.00 | 69.00 | 79.00 | OK |
Version: 1.0.6
Check: package dependencies
Result: NOTE
Package suggested but not available for checking: ‘arrow’
Flavor: r-devel-linux-x86_64-debian-gcc