Last updated on 2023-02-06 06:51:47 CET.
Flavor | Version | Tinstall | Tcheck | Ttotal | Status | Flags |
---|---|---|---|---|---|---|
r-devel-linux-x86_64-debian-clang | 1.0.0 | 4.77 | 56.36 | 61.13 | OK | |
r-devel-linux-x86_64-debian-gcc | 1.0.0 | 3.90 | 41.90 | 45.80 | OK | |
r-devel-linux-x86_64-fedora-clang | 1.0.0 | 77.78 | NOTE | |||
r-devel-linux-x86_64-fedora-gcc | 1.0.0 | 81.30 | NOTE | |||
r-devel-windows-x86_64 | 1.0.0 | 39.00 | 119.00 | 158.00 | OK | |
r-patched-linux-x86_64 | 1.0.0 | 4.69 | 53.98 | 58.67 | OK | |
r-release-linux-x86_64 | 1.0.0 | 3.53 | 51.96 | 55.49 | OK | |
r-release-macos-arm64 | 1.0.0 | 48.00 | NOTE | |||
r-release-macos-x86_64 | 1.0.0 | 67.00 | NOTE | |||
r-release-windows-x86_64 | 1.0.0 | 39.00 | 120.00 | 159.00 | OK | |
r-oldrel-macos-arm64 | 1.0.0 | 50.00 | NOTE | |||
r-oldrel-macos-x86_64 | 1.0.0 | 53.00 | NOTE | |||
r-oldrel-windows-ix86+x86_64 | 1.0.0 | 12.00 | 124.00 | 136.00 | OK |
Version: 1.0.0
Check: data for non-ASCII characters
Result: NOTE
Note: found 7 marked UTF-8 strings
Flavors: r-devel-linux-x86_64-fedora-clang, r-devel-linux-x86_64-fedora-gcc, r-release-macos-arm64, r-release-macos-x86_64, r-oldrel-macos-arm64, r-oldrel-macos-x86_64