CRAN Package Check Results for Package amap

Last updated on 2023-06-08 07:58:52 CEST.

Flavor Version Tinstall Tcheck Ttotal Status Flags
r-devel-linux-x86_64-debian-clang 0.8-19 11.73 35.25 46.98 OK
r-devel-linux-x86_64-debian-gcc 0.8-19 9.11 27.98 37.09 OK
r-devel-linux-x86_64-fedora-clang 0.8-19 57.42 OK
r-devel-linux-x86_64-fedora-gcc 0.8-19 72.00 OK
r-devel-windows-x86_64 0.8-19 13.00 72.00 85.00 OK
r-patched-linux-x86_64 0.8-19 11.61 34.48 46.09 OK
r-release-linux-x86_64 0.8-19 10.49 34.68 45.17 OK
r-release-macos-arm64 0.8-19 30.00 OK
r-release-macos-x86_64 0.8-19 37.00 NOTE
r-release-windows-x86_64 0.8-19 15.00 76.00 91.00 OK
r-oldrel-macos-arm64 0.8-19 23.00 OK
r-oldrel-macos-x86_64 0.8-19 33.00 OK
r-oldrel-windows-x86_64 0.8-19 23.00 81.00 104.00 OK

Check Details

Version: 0.8-19
Check: package dependencies
Result: NOTE
    Package suggested but not available for checking: ‘Biobase’
Flavor: r-release-macos-x86_64