CRAN Package Check Results for Package altR2

Last updated on 2023-02-07 07:53:51 CET.

Flavor Version Tinstall Tcheck Ttotal Status Flags
r-devel-linux-x86_64-debian-clang 1.0.0 3.35 33.03 36.38 NOTE
r-devel-linux-x86_64-debian-gcc 1.0.0 2.61 26.21 28.82 NOTE
r-devel-linux-x86_64-fedora-clang 1.0.0 47.84 NOTE
r-devel-linux-x86_64-fedora-gcc 1.0.0 45.79 NOTE
r-devel-windows-x86_64 1.0.0 9.00 67.00 76.00 NOTE
r-patched-linux-x86_64 1.0.0 2.24 32.83 35.07 NOTE
r-release-linux-x86_64 1.0.0 2.71 32.97 35.68 NOTE
r-release-macos-arm64 1.0.0 19.00 NOTE
r-release-macos-x86_64 1.0.0 25.00 NOTE
r-release-windows-x86_64 1.0.0 10.00 70.00 80.00 NOTE
r-oldrel-macos-arm64 1.0.0 23.00 NOTE
r-oldrel-macos-x86_64 1.0.0 31.00 NOTE
r-oldrel-windows-ix86+x86_64 1.0.0 7.00 60.00 67.00 NOTE

Check Details

Version: 1.0.0
Check: LazyData
Result: NOTE
     'LazyData' is specified without a 'data' directory
Flavors: r-devel-linux-x86_64-debian-clang, r-devel-linux-x86_64-debian-gcc, r-devel-linux-x86_64-fedora-clang, r-devel-linux-x86_64-fedora-gcc, r-devel-windows-x86_64, r-patched-linux-x86_64, r-release-linux-x86_64, r-release-macos-arm64, r-release-macos-x86_64, r-release-windows-x86_64, r-oldrel-macos-arm64, r-oldrel-macos-x86_64, r-oldrel-windows-ix86+x86_64