CRAN Package Check Results for Package alfr

Last updated on 2025-01-25 07:50:19 CET.

Flavor Version Tinstall Tcheck Ttotal Status Flags
r-devel-linux-x86_64-debian-clang 1.2.1 3.14 32.16 35.30 OK
r-devel-linux-x86_64-debian-gcc 1.2.1 1.89 25.24 27.13 OK
r-devel-linux-x86_64-fedora-clang 1.2.1 60.58 OK
r-devel-linux-x86_64-fedora-gcc 1.2.1 72.14 OK
r-devel-windows-x86_64 1.2.1 4.00 67.00 71.00 OK
r-patched-linux-x86_64 1.2.1 3.02 30.47 33.49 NOTE
r-release-linux-x86_64 1.2.1 2.88 30.31 33.19 NOTE
r-release-macos-arm64 1.2.1 27.00 NOTE
r-release-macos-x86_64 1.2.1 37.00 NOTE
r-release-windows-x86_64 1.2.1 5.00 68.00 73.00 NOTE
r-oldrel-macos-arm64 1.2.1 27.00 NOTE
r-oldrel-macos-x86_64 1.2.1 49.00 NOTE
r-oldrel-windows-x86_64 1.2.1 5.00 71.00 76.00 NOTE

Check Details

Version: 1.2.1
Check: LazyData
Result: NOTE 'LazyData' is specified without a 'data' directory Flavors: r-patched-linux-x86_64, r-release-linux-x86_64, r-release-macos-arm64, r-release-macos-x86_64, r-release-windows-x86_64, r-oldrel-macos-arm64, r-oldrel-macos-x86_64, r-oldrel-windows-x86_64