Last updated on 2023-01-28 07:14:48 CET.
Flavor | Version | Tinstall | Tcheck | Ttotal | Status | Flags |
---|---|---|---|---|---|---|
r-devel-linux-x86_64-debian-clang | 1.3.0 | 15.44 | 166.40 | 181.84 | NOTE | |
r-devel-linux-x86_64-debian-gcc | 1.3.0 | 14.16 | 121.44 | 135.60 | NOTE | |
r-devel-linux-x86_64-fedora-clang | 1.3.0 | 221.73 | NOTE | |||
r-devel-linux-x86_64-fedora-gcc | 1.3.0 | 224.41 | NOTE | |||
r-devel-windows-x86_64 | 1.3.0 | 30.00 | 189.00 | 219.00 | NOTE | |
r-patched-linux-x86_64 | 1.3.0 | 16.73 | 162.16 | 178.89 | OK | |
r-release-linux-x86_64 | 1.3.0 | 12.56 | 164.79 | 177.35 | OK | |
r-release-macos-arm64 | 1.3.0 | 73.00 | OK | |||
r-release-macos-x86_64 | 1.3.0 | 130.00 | OK | |||
r-release-windows-x86_64 | 1.3.0 | 27.00 | 185.00 | 212.00 | OK | |
r-oldrel-macos-arm64 | 1.3.0 | 130.00 | OK | |||
r-oldrel-macos-x86_64 | 1.3.0 | 140.00 | OK | |||
r-oldrel-windows-ix86+x86_64 | 1.3.0 | 36.00 | 174.00 | 210.00 | OK |
Version: 1.3.0
Check: package subdirectories
Result: NOTE
Problems with news in ‘NEWS.md’:
No news entries found.
Flavors: r-devel-linux-x86_64-debian-clang, r-devel-linux-x86_64-debian-gcc, r-devel-linux-x86_64-fedora-clang, r-devel-linux-x86_64-fedora-gcc, r-devel-windows-x86_64