CRAN Package Check Results for Package aif360

Last updated on 2023-03-29 07:55:12 CEST.

Flavor Version Tinstall Tcheck Ttotal Status Flags
r-devel-linux-x86_64-debian-clang 0.1.0 7.80 75.29 83.09 NOTE
r-devel-linux-x86_64-debian-gcc 0.1.0 7.06 59.45 66.51 NOTE
r-devel-linux-x86_64-fedora-clang 0.1.0 104.59 NOTE
r-devel-linux-x86_64-fedora-gcc 0.1.0 102.24 NOTE
r-devel-windows-x86_64 0.1.0 26.00 0.00 26.00 NOTE
r-patched-linux-x86_64 0.1.0 7.46 73.17 80.63 NOTE
r-release-linux-x86_64 0.1.0 7.99 73.23 81.22 NOTE
r-release-macos-arm64 0.1.0 30.00 NOTE
r-release-macos-x86_64 0.1.0 49.00 NOTE
r-release-windows-x86_64 0.1.0 23.00 108.00 131.00 NOTE
r-oldrel-macos-arm64 0.1.0 41.00 NOTE
r-oldrel-macos-x86_64 0.1.0 66.00 NOTE
r-oldrel-windows-ix86+x86_64 0.1.0 19.00 100.00 119.00 NOTE

Additional issues

donttest

Check Details

Version: 0.1.0
Check: LazyData
Result: NOTE
     'LazyData' is specified without a 'data' directory
Flavors: r-devel-linux-x86_64-debian-clang, r-devel-linux-x86_64-debian-gcc, r-devel-linux-x86_64-fedora-clang, r-devel-linux-x86_64-fedora-gcc, r-devel-windows-x86_64, r-patched-linux-x86_64, r-release-linux-x86_64, r-release-macos-arm64, r-release-macos-x86_64, r-release-windows-x86_64, r-oldrel-macos-arm64, r-oldrel-macos-x86_64, r-oldrel-windows-ix86+x86_64