Last updated on 2025-01-25 07:50:19 CET.
Flavor | Version | Tinstall | Tcheck | Ttotal | Status | Flags |
---|---|---|---|---|---|---|
r-devel-linux-x86_64-debian-clang | 0.1.0 | 3.83 | 34.47 | 38.30 | OK | |
r-devel-linux-x86_64-debian-gcc | 0.1.0 | 2.74 | 25.28 | 28.02 | OK | |
r-devel-linux-x86_64-fedora-clang | 0.1.0 | 62.41 | OK | |||
r-devel-linux-x86_64-fedora-gcc | 0.1.0 | 59.93 | OK | |||
r-devel-windows-x86_64 | 0.1.0 | 5.00 | 59.00 | 64.00 | OK | |
r-patched-linux-x86_64 | 0.1.0 | 4.18 | 32.26 | 36.44 | NOTE | |
r-release-linux-x86_64 | 0.1.0 | 3.98 | 32.34 | 36.32 | NOTE | |
r-release-macos-arm64 | 0.1.0 | 22.00 | NOTE | |||
r-release-macos-x86_64 | 0.1.0 | 32.00 | NOTE | |||
r-release-windows-x86_64 | 0.1.0 | 5.00 | 57.00 | 62.00 | NOTE | |
r-oldrel-macos-arm64 | 0.1.0 | 23.00 | NOTE | |||
r-oldrel-macos-x86_64 | 0.1.0 | 32.00 | NOTE | |||
r-oldrel-windows-x86_64 | 0.1.0 | 7.00 | 64.00 | 71.00 | NOTE |
Version: 0.1.0
Check: LazyData
Result: NOTE
'LazyData' is specified without a 'data' directory
Flavors: r-patched-linux-x86_64, r-release-linux-x86_64, r-release-macos-arm64, r-release-macos-x86_64, r-release-windows-x86_64, r-oldrel-macos-arm64, r-oldrel-macos-x86_64, r-oldrel-windows-x86_64