Last updated on 2023-10-04 07:02:57 CEST.
Flavor | Version | Tinstall | Tcheck | Ttotal | Status | Flags |
---|---|---|---|---|---|---|
r-devel-linux-x86_64-debian-clang | 1.15 | 12.02 | 82.74 | 94.76 | OK | |
r-devel-linux-x86_64-debian-gcc | 1.15 | 10.14 | 63.41 | 73.55 | OK | |
r-devel-linux-x86_64-fedora-clang | 1.15 | 113.98 | NOTE | |||
r-devel-linux-x86_64-fedora-gcc | 1.15 | 111.74 | NOTE | |||
r-devel-windows-x86_64 | 1.15 | 12.00 | 85.00 | 97.00 | OK | |
r-patched-linux-x86_64 | 1.15 | 12.04 | 84.20 | 96.24 | OK | |
r-release-linux-x86_64 | 1.15 | 8.85 | 83.36 | 92.21 | OK | |
r-release-macos-arm64 | 1.15 | 40.00 | OK | |||
r-release-macos-x86_64 | 1.15 | 62.00 | OK | |||
r-release-windows-x86_64 | 1.15 | 16.00 | 103.00 | 119.00 | OK | |
r-oldrel-macos-arm64 | 1.15 | 40.00 | OK | |||
r-oldrel-macos-x86_64 | 1.15 | 54.00 | OK | |||
r-oldrel-windows-x86_64 | 1.15 | 14.00 | 102.00 | 116.00 | OK |
Version: 1.15
Check: compiled code
Result: NOTE
File ‘ahaz/libs/ahaz.so’:
Found no calls to: ‘R_registerRoutines’, ‘R_useDynamicSymbols’
It is good practice to register native routines and to disable symbol
search.
See ‘Writing portable packages’ in the ‘Writing R Extensions’ manual.
Flavors: r-devel-linux-x86_64-fedora-clang, r-devel-linux-x86_64-fedora-gcc