Last updated on 2023-01-27 07:50:26 CET.
Flavor | Version | Tinstall | Tcheck | Ttotal | Status | Flags |
---|---|---|---|---|---|---|
r-devel-linux-x86_64-debian-clang | 1.15 | 12.84 | 84.66 | 97.50 | OK | |
r-devel-linux-x86_64-debian-gcc | 1.15 | 7.64 | 63.93 | 71.57 | OK | |
r-devel-linux-x86_64-fedora-clang | 1.15 | 129.19 | NOTE | |||
r-devel-linux-x86_64-fedora-gcc | 1.15 | 115.93 | NOTE | |||
r-devel-windows-x86_64 | 1.15 | 24.00 | 121.00 | 145.00 | OK | |
r-patched-linux-x86_64 | 1.15 | 11.20 | 80.15 | 91.35 | OK | |
r-release-linux-x86_64 | 1.15 | 9.22 | 80.85 | 90.07 | OK | |
r-release-macos-arm64 | 1.15 | 40.00 | OK | |||
r-release-macos-x86_64 | 1.15 | 54.00 | OK | |||
r-release-windows-x86_64 | 1.15 | 29.00 | 109.00 | 138.00 | OK | |
r-oldrel-macos-arm64 | 1.15 | 34.00 | OK | |||
r-oldrel-macos-x86_64 | 1.15 | 54.00 | OK | |||
r-oldrel-windows-ix86+x86_64 | 1.15 | 23.00 | 135.00 | 158.00 | OK |
Version: 1.15
Check: compiled code
Result: NOTE
File ‘ahaz/libs/ahaz.so’:
Found no calls to: ‘R_registerRoutines’, ‘R_useDynamicSymbols’
It is good practice to register native routines and to disable symbol
search.
See ‘Writing portable packages’ in the ‘Writing R Extensions’ manual.
Flavors: r-devel-linux-x86_64-fedora-clang, r-devel-linux-x86_64-fedora-gcc