Last updated on 2023-02-04 08:01:04 CET.
Flavor | Version | Tinstall | Tcheck | Ttotal | Status | Flags |
---|---|---|---|---|---|---|
r-devel-linux-x86_64-debian-clang | 0.1.0 | 26.48 | 298.30 | 324.78 | OK | |
r-devel-linux-x86_64-debian-gcc | 0.1.0 | 23.05 | 220.50 | 243.55 | OK | |
r-devel-linux-x86_64-fedora-clang | 0.1.0 | 392.25 | OK | |||
r-devel-linux-x86_64-fedora-gcc | 0.1.0 | 387.59 | OK | |||
r-devel-windows-x86_64 | 0.1.0 | 46.00 | 343.00 | 389.00 | OK | |
r-patched-linux-x86_64 | 0.1.0 | 25.66 | 285.36 | 311.02 | OK | |
r-release-linux-x86_64 | 0.1.0 | 24.57 | 280.59 | 305.16 | OK | |
r-release-macos-arm64 | 0.1.0 | 121.00 | OK | |||
r-release-macos-x86_64 | 0.1.0 | 138.00 | OK | |||
r-release-windows-x86_64 | 0.1.0 | 40.00 | 287.00 | 327.00 | FAIL | |
r-oldrel-macos-arm64 | 0.1.0 | 117.00 | OK | |||
r-oldrel-macos-x86_64 | 0.1.0 | 139.00 | OK | |||
r-oldrel-windows-ix86+x86_64 | 0.1.0 | 67.00 | 313.00 | 380.00 | FAIL |
Version: 0.1.0
Check: examples
Result: FAIL
Flavors: r-release-windows-x86_64, r-oldrel-windows-ix86+x86_64