CRAN Package Check Results for Package agriwater

Last updated on 2023-02-07 07:53:51 CET.

Flavor Version Tinstall Tcheck Ttotal Status Flags
r-devel-linux-x86_64-debian-clang 1.0.1 42.25 285.03 327.28 NOTE
r-devel-linux-x86_64-debian-gcc 1.0.1 28.73 209.30 238.03 NOTE
r-devel-linux-x86_64-fedora-clang 1.0.1 406.46 NOTE
r-devel-linux-x86_64-fedora-gcc 1.0.1 398.36 NOTE
r-devel-windows-x86_64 1.0.1 47.00 287.00 334.00 NOTE
r-patched-linux-x86_64 1.0.1 37.74 282.36 320.10 NOTE
r-release-linux-x86_64 1.0.1 32.55 284.53 317.08 NOTE
r-release-macos-arm64 1.0.1 75.00 NOTE
r-release-macos-x86_64 1.0.1 112.00 NOTE
r-release-windows-x86_64 1.0.1 46.00 283.00 329.00 NOTE
r-oldrel-macos-arm64 1.0.1 49.00 NOTE
r-oldrel-macos-x86_64 1.0.1 84.00 NOTE
r-oldrel-windows-ix86+x86_64 1.0.1 75.00 299.00 374.00 NOTE

Check Details

Version: 1.0.1
Check: LazyData
Result: NOTE
     'LazyData' is specified without a 'data' directory
Flavors: r-devel-linux-x86_64-debian-clang, r-devel-linux-x86_64-debian-gcc, r-devel-linux-x86_64-fedora-clang, r-devel-linux-x86_64-fedora-gcc, r-devel-windows-x86_64, r-patched-linux-x86_64, r-release-linux-x86_64, r-release-macos-arm64, r-release-macos-x86_64, r-release-windows-x86_64, r-oldrel-macos-arm64, r-oldrel-macos-x86_64, r-oldrel-windows-ix86+x86_64