CRAN Package Check Results for Package aftgee

Last updated on 2023-01-29 07:55:56 CET.

Flavor Version Tinstall Tcheck Ttotal Status Flags
r-devel-linux-x86_64-debian-clang 1.1.6 21.42 124.21 145.63 NOTE
r-devel-linux-x86_64-debian-gcc 1.1.6 19.22 89.38 108.60 NOTE
r-devel-linux-x86_64-fedora-clang 1.1.6 193.66 NOTE
r-devel-linux-x86_64-fedora-gcc 1.1.6 171.24 NOTE
r-devel-windows-x86_64 1.1.6 46.00 154.00 200.00 NOTE
r-patched-linux-x86_64 1.1.6 17.87 115.07 132.94 OK
r-release-linux-x86_64 1.1.6 14.92 114.02 128.94 OK
r-release-macos-arm64 1.1.6 49.00 OK
r-release-macos-x86_64 1.1.6 83.00 OK
r-release-windows-x86_64 1.1.6 56.00 140.00 196.00 OK
r-oldrel-macos-arm64 1.1.6 55.00 OK
r-oldrel-macos-x86_64 1.1.6 64.00 OK
r-oldrel-windows-ix86+x86_64 1.1.6 44.00 177.00 221.00 OK

Check Details

Version: 1.1.6
Check: package subdirectories
Result: NOTE
    Problems with news in ‘NEWS.md’:
    No news entries found.
Flavors: r-devel-linux-x86_64-debian-clang, r-devel-linux-x86_64-debian-gcc, r-devel-linux-x86_64-fedora-clang, r-devel-linux-x86_64-fedora-gcc, r-devel-windows-x86_64