Last updated on 2023-01-27 07:50:26 CET.
Flavor | Version | Tinstall | Tcheck | Ttotal | Status | Flags |
---|---|---|---|---|---|---|
r-devel-linux-x86_64-debian-clang | 0.2.2 | 4.45 | 48.69 | 53.14 | OK | |
r-devel-linux-x86_64-debian-gcc | 0.2.2 | 3.80 | 35.94 | 39.74 | OK | |
r-devel-linux-x86_64-fedora-clang | 0.2.2 | 66.26 | NOTE | |||
r-devel-linux-x86_64-fedora-gcc | 0.2.2 | 63.75 | NOTE | |||
r-devel-windows-x86_64 | 0.2.2 | 36.00 | 76.00 | 112.00 | OK | |
r-patched-linux-x86_64 | 0.2.2 | 3.78 | 45.46 | 49.24 | OK | |
r-release-linux-x86_64 | 0.2.2 | 3.87 | 45.41 | 49.28 | OK | |
r-release-macos-arm64 | 0.2.2 | 32.00 | NOTE | |||
r-release-macos-x86_64 | 0.2.2 | 42.00 | NOTE | |||
r-release-windows-x86_64 | 0.2.2 | 22.00 | 78.00 | 100.00 | OK | |
r-oldrel-macos-arm64 | 0.2.2 | 35.00 | NOTE | |||
r-oldrel-macos-x86_64 | 0.2.2 | 44.00 | NOTE | |||
r-oldrel-windows-ix86+x86_64 | 0.2.2 | 11.00 | 75.00 | 86.00 | OK |
Version: 0.2.2
Check: data for non-ASCII characters
Result: NOTE
Note: found 11 marked UTF-8 strings
Flavors: r-devel-linux-x86_64-fedora-clang, r-devel-linux-x86_64-fedora-gcc, r-release-macos-arm64, r-release-macos-x86_64, r-oldrel-macos-arm64, r-oldrel-macos-x86_64