Last updated on 2023-01-28 07:14:48 CET.
Flavor | Version | Tinstall | Tcheck | Ttotal | Status | Flags |
---|---|---|---|---|---|---|
r-devel-linux-x86_64-debian-clang | 0.1.8 | 6.18 | 41.58 | 47.76 | OK | |
r-devel-linux-x86_64-debian-gcc | 0.1.8 | 4.35 | 31.99 | 36.34 | OK | |
r-devel-linux-x86_64-fedora-clang | 0.1.8 | 61.16 | NOTE | |||
r-devel-linux-x86_64-fedora-gcc | 0.1.8 | 67.28 | NOTE | |||
r-devel-windows-x86_64 | 0.1.8 | 86.00 | 87.00 | 173.00 | NOTE | |
r-patched-linux-x86_64 | 0.1.8 | 5.36 | 40.91 | 46.27 | OK | |
r-release-linux-x86_64 | 0.1.8 | 4.10 | 42.06 | 46.16 | OK | |
r-release-macos-arm64 | 0.1.8 | 23.00 | NOTE | |||
r-release-macos-x86_64 | 0.1.8 | 45.00 | NOTE | |||
r-release-windows-x86_64 | 0.1.8 | 70.00 | 101.00 | 171.00 | NOTE | |
r-oldrel-macos-arm64 | 0.1.8 | 36.00 | NOTE | |||
r-oldrel-macos-x86_64 | 0.1.8 | 39.00 | NOTE | |||
r-oldrel-windows-ix86+x86_64 | 0.1.8 | 17.00 | 70.00 | 87.00 | NOTE |
Version: 0.1.8
Check: installed package size
Result: NOTE
installed size is 5.8Mb
sub-directories of 1Mb or more:
tutorials 5.6Mb
Flavors: r-devel-linux-x86_64-fedora-clang, r-devel-windows-x86_64, r-release-macos-arm64, r-release-macos-x86_64, r-release-windows-x86_64, r-oldrel-macos-arm64, r-oldrel-macos-x86_64, r-oldrel-windows-ix86+x86_64
Version: 0.1.8
Check: dependencies in R code
Result: NOTE
Namespaces in Imports field not imported from:
‘BayesFactor’ ‘GGally’ ‘Hmisc’ ‘WRS2’ ‘boot’ ‘car’ ‘dplyr’ ‘effects’
‘effsize’ ‘forcats’ ‘ggplot2’ ‘lm.beta’ ‘nlme’ ‘readr’ ‘robust’
‘sandwich’ ‘sjstats’ ‘tidyr’
All declared Imports should be used.
Flavors: r-devel-linux-x86_64-fedora-clang, r-devel-linux-x86_64-fedora-gcc, r-release-macos-arm64, r-release-macos-x86_64, r-oldrel-macos-arm64, r-oldrel-macos-x86_64