Last updated on 2023-02-03 06:50:07 CET.
Flavor | Version | Tinstall | Tcheck | Ttotal | Status | Flags |
---|---|---|---|---|---|---|
r-devel-linux-x86_64-debian-clang | 0.1.1 | 3.33 | 30.94 | 34.27 | NOTE | |
r-devel-linux-x86_64-debian-gcc | 0.1.1 | 2.64 | 24.24 | 26.88 | NOTE | |
r-devel-linux-x86_64-fedora-clang | 0.1.1 | 44.20 | NOTE | |||
r-devel-linux-x86_64-fedora-gcc | 0.1.1 | 43.01 | NOTE | |||
r-patched-linux-x86_64 | 0.1.1 | 3.04 | 30.99 | 34.03 | NOTE | |
r-release-linux-x86_64 | 0.1.1 | 3.64 | 30.51 | 34.15 | NOTE | |
r-release-macos-arm64 | 0.1.1 | 18.00 | NOTE | |||
r-release-macos-x86_64 | 0.1.1 | 25.00 | NOTE | |||
r-release-windows-x86_64 | 0.1.1 | 14.00 | 63.00 | 77.00 | NOTE | |
r-oldrel-macos-arm64 | 0.1.1 | 27.00 | NOTE | |||
r-oldrel-macos-x86_64 | 0.1.1 | 29.00 | NOTE | |||
r-oldrel-windows-ix86+x86_64 | 0.1.1 | 8.00 | 53.00 | 61.00 | NOTE |
Version: 0.1.1
Check: LazyData
Result: NOTE
'LazyData' is specified without a 'data' directory
Flavors: r-devel-linux-x86_64-debian-clang, r-devel-linux-x86_64-debian-gcc, r-devel-linux-x86_64-fedora-clang, r-devel-linux-x86_64-fedora-gcc, r-patched-linux-x86_64, r-release-linux-x86_64, r-release-macos-arm64, r-release-macos-x86_64, r-release-windows-x86_64, r-oldrel-macos-arm64, r-oldrel-macos-x86_64, r-oldrel-windows-ix86+x86_64