CRAN Package Check Results for Package adjustedcranlogs

Last updated on 2023-01-30 09:54:04 CET.

Flavor Version Tinstall Tcheck Ttotal Status Flags
r-devel-linux-x86_64-debian-clang 0.1.0 4.91 45.63 50.54 NOTE
r-devel-linux-x86_64-debian-gcc 0.1.0 4.07 33.84 37.91 NOTE
r-devel-linux-x86_64-fedora-clang 0.1.0 62.48 NOTE
r-devel-linux-x86_64-fedora-gcc 0.1.0 60.36 NOTE
r-devel-windows-x86_64 0.1.0 17.00 74.00 91.00 NOTE
r-patched-linux-x86_64 0.1.0 5.06 44.46 49.52 NOTE
r-release-linux-x86_64 0.1.0 5.64 45.09 50.73 NOTE
r-release-macos-arm64 0.1.0 22.00 NOTE
r-release-macos-x86_64 0.1.0 31.00 NOTE
r-release-windows-x86_64 0.1.0 13.00 78.00 91.00 NOTE
r-oldrel-macos-arm64 0.1.0 25.00 NOTE
r-oldrel-macos-x86_64 0.1.0 36.00 NOTE
r-oldrel-windows-ix86+x86_64 0.1.0 14.00 70.00 84.00 NOTE

Check Details

Version: 0.1.0
Check: LazyData
Result: NOTE
     'LazyData' is specified without a 'data' directory
Flavors: r-devel-linux-x86_64-debian-clang, r-devel-linux-x86_64-debian-gcc, r-devel-linux-x86_64-fedora-clang, r-devel-linux-x86_64-fedora-gcc, r-devel-windows-x86_64, r-patched-linux-x86_64, r-release-linux-x86_64, r-release-macos-arm64, r-release-macos-x86_64, r-release-windows-x86_64, r-oldrel-macos-arm64, r-oldrel-macos-x86_64, r-oldrel-windows-ix86+x86_64