Last updated on 2023-02-08 06:56:15 CET.
Flavor | Version | Tinstall | Tcheck | Ttotal | Status | Flags |
---|---|---|---|---|---|---|
r-devel-linux-x86_64-debian-clang | 0.6.6 | 47.15 | 176.50 | 223.65 | NOTE | |
r-devel-linux-x86_64-debian-gcc | 0.6.6 | 38.75 | 126.84 | 165.59 | NOTE | |
r-devel-linux-x86_64-fedora-clang | 0.6.6 | 287.13 | NOTE | |||
r-devel-linux-x86_64-fedora-gcc | 0.6.6 | 302.38 | NOTE | |||
r-devel-windows-x86_64 | 0.6.6 | 66.00 | 238.00 | 304.00 | NOTE | |
r-patched-linux-x86_64 | 0.6.6 | 41.93 | 156.35 | 198.28 | OK | |
r-release-linux-x86_64 | 0.6.6 | 39.71 | 160.25 | 199.96 | OK | |
r-release-macos-arm64 | 0.6.6 | 66.00 | NOTE | |||
r-release-macos-x86_64 | 0.6.6 | 92.00 | NOTE | |||
r-release-windows-x86_64 | 0.6.6 | 59.00 | 237.00 | 296.00 | NOTE | |
r-oldrel-macos-arm64 | 0.6.6 | 69.00 | NOTE | |||
r-oldrel-macos-x86_64 | 0.6.6 | 101.00 | NOTE | |||
r-oldrel-windows-ix86+x86_64 | 0.6.6 | 109.00 | 264.00 | 373.00 | NOTE |
Version: 0.6.6
Check: C++ specification
Result: NOTE
Specified C++11: please update to current default of C++17
Flavors: r-devel-linux-x86_64-debian-clang, r-devel-windows-x86_64
Version: 0.6.6
Check: C++ specification
Result: NOTE
Specified C++11: please drop specification unless essential
Flavors: r-devel-linux-x86_64-debian-gcc, r-devel-linux-x86_64-fedora-clang, r-devel-linux-x86_64-fedora-gcc
Version: 0.6.6
Check: installed package size
Result: NOTE
installed size is 5.2Mb
sub-directories of 1Mb or more:
doc 3.3Mb
libs 1.3Mb
Flavors: r-devel-windows-x86_64, r-release-macos-arm64, r-release-macos-x86_64, r-release-windows-x86_64, r-oldrel-macos-arm64, r-oldrel-macos-x86_64, r-oldrel-windows-ix86+x86_64
Version: 0.6.6
Check: package dependencies
Result: NOTE
Package suggested but not available for checking: ‘HiTC’
Flavors: r-release-macos-arm64, r-release-macos-x86_64, r-oldrel-macos-x86_64