CRAN Package Check Results for Package adeptdata

Last updated on 2023-01-30 09:54:04 CET.

Flavor Version Tinstall Tcheck Ttotal Status Flags
r-devel-linux-x86_64-debian-clang 1.1 80.62 40.48 121.10 OK
r-devel-linux-x86_64-debian-gcc 1.1 57.38 32.73 90.11 OK
r-devel-linux-x86_64-fedora-clang 1.1 164.52 NOTE
r-devel-linux-x86_64-fedora-gcc 1.1 164.93 OK
r-devel-windows-x86_64 1.1 78.00 72.00 150.00 NOTE
r-patched-linux-x86_64 1.1 80.78 40.19 120.97 OK
r-release-linux-x86_64 1.1 85.15 40.80 125.95 OK
r-release-macos-arm64 1.1 75.00 NOTE
r-release-macos-x86_64 1.1 85.00 NOTE
r-release-windows-x86_64 1.1 93.00 73.00 166.00 NOTE
r-oldrel-macos-arm64 1.1 92.00 NOTE
r-oldrel-macos-x86_64 1.1 144.00 NOTE
r-oldrel-windows-ix86+x86_64 1.1 112.00 69.00 181.00 NOTE

Check Details

Version: 1.1
Check: installed package size
Result: NOTE
     installed size is 9.5Mb
     sub-directories of 1Mb or more:
     data 9.3Mb
Flavors: r-devel-linux-x86_64-fedora-clang, r-devel-windows-x86_64, r-release-macos-arm64, r-release-macos-x86_64, r-release-windows-x86_64, r-oldrel-macos-arm64, r-oldrel-macos-x86_64, r-oldrel-windows-ix86+x86_64