Last updated on 2023-02-04 08:01:04 CET.
Flavor | Version | Tinstall | Tcheck | Ttotal | Status | Flags |
---|---|---|---|---|---|---|
r-devel-linux-x86_64-debian-clang | 2.1.10 | 36.45 | 237.70 | 274.15 | OK | |
r-devel-linux-x86_64-debian-gcc | 2.1.10 | 27.50 | 173.13 | 200.63 | OK | |
r-devel-linux-x86_64-fedora-clang | 2.1.10 | 329.03 | OK | |||
r-devel-linux-x86_64-fedora-gcc | 2.1.10 | 323.90 | OK | |||
r-devel-windows-x86_64 | 2.1.10 | 184.00 | 306.00 | 490.00 | OK | |
r-patched-linux-x86_64 | 2.1.10 | 44.20 | 218.59 | 262.79 | OK | |
r-release-linux-x86_64 | 2.1.10 | 31.94 | 218.80 | 250.74 | OK | |
r-release-macos-arm64 | 2.1.10 | 83.00 | NOTE | |||
r-release-macos-x86_64 | 2.1.10 | 114.00 | OK | |||
r-release-windows-x86_64 | 2.1.10 | 234.00 | 295.00 | 529.00 | OK | |
r-oldrel-macos-arm64 | 2.1.10 | 69.00 | NOTE | |||
r-oldrel-macos-x86_64 | 2.1.10 | 116.00 | OK | |||
r-oldrel-windows-ix86+x86_64 | 2.1.10 | 70.00 | 361.00 | 431.00 | OK |
Version: 2.1.10
Check: installed package size
Result: NOTE
installed size is 5.8Mb
sub-directories of 1Mb or more:
R 2.1Mb
data 1.3Mb
files 1.7Mb
Flavors: r-release-macos-arm64, r-oldrel-macos-arm64