CRAN Package Check Results for Package additiveDEA

Last updated on 2023-05-30 08:02:11 CEST.

Flavor Version Tinstall Tcheck Ttotal Status Flags
r-devel-linux-x86_64-debian-clang 1.1 2.30 32.62 34.92 OK
r-devel-linux-x86_64-debian-gcc 1.1 1.80 24.57 26.37 OK
r-devel-linux-x86_64-fedora-clang 1.1 44.48 NOTE
r-devel-linux-x86_64-fedora-gcc 1.1 44.75 NOTE
r-devel-windows-x86_64 1.1 3.00 48.00 51.00 OK
r-patched-linux-x86_64 1.1 2.55 31.38 33.93 OK
r-release-linux-x86_64 1.1 2.82 31.50 34.32 OK
r-release-macos-arm64 1.1 19.00 OK
r-release-macos-x86_64 1.1 27.00 OK
r-release-windows-x86_64 1.1 4.00 44.00 48.00 OK
r-oldrel-macos-arm64 1.1 18.00 NOTE
r-oldrel-macos-x86_64 1.1 24.00 NOTE
r-oldrel-windows-x86_64 1.1 5.00 52.00 57.00 OK

Check Details

Version: 1.1
Check: dependencies in R code
Result: NOTE
    Namespace in Imports field not imported from: ‘Benchmarking’
     All declared Imports should be used.
Flavors: r-devel-linux-x86_64-fedora-clang, r-devel-linux-x86_64-fedora-gcc, r-oldrel-macos-arm64, r-oldrel-macos-x86_64