CRAN Package Check Results for Package addinsOutline

Last updated on 2024-05-21 08:56:09 CEST.

Flavor Version Tinstall Tcheck Ttotal Status Flags
r-devel-linux-x86_64-debian-clang 0.1.6 5.59 65.54 71.13 NOTE
r-devel-linux-x86_64-debian-gcc 0.1.6 7.04 49.56 56.60 NOTE
r-devel-linux-x86_64-fedora-clang 0.1.6 94.61 NOTE
r-devel-linux-x86_64-fedora-gcc 0.1.6 98.79 NOTE
r-devel-windows-x86_64 0.1.6 9.00 66.00 75.00 NOTE
r-patched-linux-x86_64 0.1.6 8.06 62.52 70.58 NOTE
r-release-linux-x86_64 0.1.6 6.46 63.16 69.62 NOTE
r-release-macos-arm64 0.1.6 34.00 NOTE
r-release-windows-x86_64 0.1.6 9.00 67.00 76.00 NOTE
r-oldrel-macos-arm64 0.1.6 38.00 NOTE
r-oldrel-macos-x86_64 0.1.6 53.00 NOTE
r-oldrel-windows-x86_64 0.1.6 11.00 76.00 87.00 NOTE

Check Details

Version: 0.1.6
Check: LazyData
Result: NOTE 'LazyData' is specified without a 'data' directory Flavors: r-devel-linux-x86_64-debian-clang, r-devel-linux-x86_64-debian-gcc, r-devel-linux-x86_64-fedora-clang, r-devel-linux-x86_64-fedora-gcc, r-devel-windows-x86_64, r-patched-linux-x86_64, r-release-linux-x86_64, r-release-macos-arm64, r-release-windows-x86_64, r-oldrel-macos-arm64, r-oldrel-macos-x86_64, r-oldrel-windows-x86_64