CRAN Package Check Results for Package adaptIVPT

Last updated on 2023-03-29 07:55:12 CEST.

Flavor Version Tinstall Tcheck Ttotal Status Flags
r-devel-linux-x86_64-debian-clang 1.0.0 30.37 40.38 70.75 NOTE
r-devel-linux-x86_64-debian-gcc 1.0.0 22.83 31.35 54.18 NOTE
r-devel-linux-x86_64-fedora-clang 1.0.0 103.32 NOTE
r-devel-linux-x86_64-fedora-gcc 1.0.0 88.38 NOTE
r-devel-windows-x86_64 1.0.0 38.00 88.00 126.00 NOTE
r-patched-linux-x86_64 1.0.0 19.74 38.84 58.58 NOTE
r-release-linux-x86_64 1.0.0 23.62 38.49 62.11 OK
r-release-macos-arm64 1.0.0 36.00 OK
r-release-macos-x86_64 1.0.0 39.00 OK
r-release-windows-x86_64 1.0.0 41.00 87.00 128.00 OK
r-oldrel-macos-arm64 1.0.0 35.00 OK
r-oldrel-macos-x86_64 1.0.0 40.00 OK
r-oldrel-windows-ix86+x86_64 1.0.0 83.00 92.00 175.00 OK

Check Details

Version: 1.0.0
Check: C++ specification
Result: NOTE
     Specified C++11: please drop specification unless essential
Flavors: r-devel-linux-x86_64-debian-clang, r-devel-linux-x86_64-debian-gcc, r-devel-linux-x86_64-fedora-clang, r-devel-linux-x86_64-fedora-gcc, r-devel-windows-x86_64, r-patched-linux-x86_64