CRAN Package Check Results for Package actogrammr

Last updated on 2023-01-27 07:50:26 CET.

Flavor Version Tinstall Tcheck Ttotal Status Flags
r-devel-linux-x86_64-debian-clang 0.2.3 4.86 132.95 137.81 NOTE
r-devel-linux-x86_64-debian-gcc 0.2.3 4.12 93.86 97.98 NOTE
r-devel-linux-x86_64-fedora-clang 0.2.3 179.59 NOTE
r-devel-linux-x86_64-fedora-gcc 0.2.3 159.09 NOTE
r-devel-windows-x86_64 0.2.3 18.00 151.00 169.00 NOTE
r-patched-linux-x86_64 0.2.3 5.12 126.89 132.01 NOTE
r-release-linux-x86_64 0.2.3 3.74 124.74 128.48 NOTE
r-release-macos-arm64 0.2.3 48.00 NOTE
r-release-macos-x86_64 0.2.3 164.00 NOTE
r-release-windows-x86_64 0.2.3 25.00 168.00 193.00 NOTE
r-oldrel-macos-arm64 0.2.3 56.00 NOTE
r-oldrel-macos-x86_64 0.2.3 125.00 NOTE
r-oldrel-windows-ix86+x86_64 0.2.3 14.00 161.00 175.00 NOTE

Check Details

Version: 0.2.3
Check: LazyData
Result: NOTE
     'LazyData' is specified without a 'data' directory
Flavors: r-devel-linux-x86_64-debian-clang, r-devel-linux-x86_64-debian-gcc, r-devel-linux-x86_64-fedora-clang, r-devel-linux-x86_64-fedora-gcc, r-devel-windows-x86_64, r-patched-linux-x86_64, r-release-linux-x86_64, r-release-macos-arm64, r-release-macos-x86_64, r-release-windows-x86_64, r-oldrel-macos-arm64, r-oldrel-macos-x86_64, r-oldrel-windows-ix86+x86_64

Version: 0.2.3
Check: package dependencies
Result: NOTE
    Package suggested but not available for checking: ‘testthat’
Flavor: r-oldrel-macos-x86_64