Last updated on 2023-01-27 07:50:26 CET.
Flavor | Version | Tinstall | Tcheck | Ttotal | Status | Flags |
---|---|---|---|---|---|---|
r-devel-linux-x86_64-debian-clang | 1.0.1 | 74.43 | 34.54 | 108.97 | OK | |
r-devel-linux-x86_64-debian-gcc | 1.0.1 | 50.47 | 28.32 | 78.79 | OK | |
r-devel-linux-x86_64-fedora-clang | 1.0.1 | 154.10 | NOTE | |||
r-devel-linux-x86_64-fedora-gcc | 1.0.1 | 131.47 | NOTE | |||
r-devel-windows-x86_64 | 1.0.1 | 57.00 | 86.00 | 143.00 | OK | |
r-patched-linux-x86_64 | 1.0.1 | 60.55 | 35.12 | 95.67 | OK | |
r-release-linux-x86_64 | 1.0.1 | 59.00 | 34.75 | 93.75 | OK | |
r-release-macos-arm64 | 1.0.1 | 38.00 | NOTE | |||
r-release-macos-x86_64 | 1.0.1 | 50.00 | NOTE | |||
r-release-windows-x86_64 | 1.0.1 | 52.00 | 95.00 | 147.00 | OK | |
r-oldrel-macos-arm64 | 1.0.1 | 44.00 | NOTE | |||
r-oldrel-macos-x86_64 | 1.0.1 | 76.00 | NOTE | |||
r-oldrel-windows-ix86+x86_64 | 1.0.1 | 164.00 | 96.00 | 260.00 | OK |
Version: 1.0.1
Check: compiled code
Result: NOTE
File ‘acrt/libs/acrt.so’:
Found no calls to: ‘R_registerRoutines’, ‘R_useDynamicSymbols’
It is good practice to register native routines and to disable symbol
search.
See ‘Writing portable packages’ in the ‘Writing R Extensions’ manual.
Flavors: r-devel-linux-x86_64-fedora-clang, r-devel-linux-x86_64-fedora-gcc
Version: 1.0.1
Check: installed package size
Result: NOTE
installed size is 7.2Mb
sub-directories of 1Mb or more:
libs 7.1Mb
Flavors: r-release-macos-arm64, r-release-macos-x86_64, r-oldrel-macos-arm64, r-oldrel-macos-x86_64