Last updated on 2023-03-25 07:02:12 CET.
Flavor | Version | Tinstall | Tcheck | Ttotal | Status | Flags |
---|---|---|---|---|---|---|
r-devel-linux-x86_64-debian-clang | 1.4 | 6.97 | 76.94 | 83.91 | NOTE | |
r-devel-linux-x86_64-debian-gcc | 1.4 | 6.66 | 58.35 | 65.01 | NOTE | |
r-devel-linux-x86_64-fedora-clang | 1.4 | 105.58 | NOTE | |||
r-devel-linux-x86_64-fedora-gcc | 1.4 | 100.57 | NOTE | |||
r-devel-windows-x86_64 | 1.4 | 27.00 | 113.00 | 140.00 | OK | |
r-patched-linux-x86_64 | 1.4 | 13.88 | 75.20 | 89.08 | NOTE | |
r-release-linux-x86_64 | 1.4 | 5.89 | 74.48 | 80.37 | NOTE | |
r-release-macos-arm64 | 1.4 | 36.00 | OK | |||
r-release-macos-x86_64 | 1.4 | 64.00 | OK | |||
r-release-windows-x86_64 | 1.4 | 22.00 | 110.00 | 132.00 | OK | |
r-oldrel-macos-arm64 | 1.4 | 37.00 | OK | |||
r-oldrel-macos-x86_64 | 1.4 | 71.00 | OK | |||
r-oldrel-windows-ix86+x86_64 | 1.4 | 18.00 | 105.00 | 123.00 | OK |
Version: 1.4
Check: for non-standard things in the check directory
Result: NOTE
Found the following files/directories:
‘acceldata2.RData’
Flavors: r-devel-linux-x86_64-debian-clang, r-devel-linux-x86_64-debian-gcc, r-devel-linux-x86_64-fedora-clang, r-devel-linux-x86_64-fedora-gcc, r-patched-linux-x86_64, r-release-linux-x86_64