Last updated on 2023-01-31 07:54:02 CET.
Flavor | Version | Tinstall | Tcheck | Ttotal | Status | Flags |
---|---|---|---|---|---|---|
r-devel-linux-x86_64-debian-clang | 1.3.3 | 67.27 | 88.32 | 155.59 | OK | |
r-devel-linux-x86_64-debian-gcc | 1.3.3 | 51.90 | 65.08 | 116.98 | OK | |
r-devel-linux-x86_64-fedora-clang | 1.3.3 | 222.44 | NOTE | |||
r-devel-linux-x86_64-fedora-gcc | 1.3.3 | 196.46 | NOTE | |||
r-devel-windows-x86_64 | 1.3.3 | 68.00 | 133.00 | 201.00 | OK | |
r-patched-linux-x86_64 | 1.3.3 | 56.40 | 84.28 | 140.68 | OK | |
r-release-linux-x86_64 | 1.3.3 | 63.10 | 85.40 | 148.50 | OK | |
r-release-macos-arm64 | 1.3.3 | 59.00 | OK | |||
r-release-macos-x86_64 | 1.3.3 | 71.00 | OK | |||
r-release-windows-x86_64 | 1.3.3 | 70.00 | 141.00 | 211.00 | OK | |
r-oldrel-macos-arm64 | 1.3.3 | 61.00 | OK | |||
r-oldrel-macos-x86_64 | 1.3.3 | 107.00 | OK | |||
r-oldrel-windows-ix86+x86_64 | 1.3.3 | 166.00 | 157.00 | 323.00 | OK |
Version: 1.3.3
Check: compiled code
Result: NOTE
File ‘acc/libs/acc.so’:
Found no calls to: ‘R_registerRoutines’, ‘R_useDynamicSymbols’
It is good practice to register native routines and to disable symbol
search.
See ‘Writing portable packages’ in the ‘Writing R Extensions’ manual.
Flavors: r-devel-linux-x86_64-fedora-clang, r-devel-linux-x86_64-fedora-gcc