CRAN Package Check Results for Package academictwitteR

Last updated on 2024-02-27 07:54:39 CET.

Flavor Version Tinstall Tcheck Ttotal Status Flags
r-devel-linux-x86_64-debian-clang 0.3.1 5.32 89.30 94.62 NOTE
r-devel-linux-x86_64-debian-gcc 0.3.1 4.71 67.80 72.51 NOTE
r-devel-linux-x86_64-fedora-clang 0.3.1 116.74 NOTE
r-devel-linux-x86_64-fedora-gcc 0.3.1 133.19 NOTE
r-devel-windows-x86_64 0.3.1 6.00 98.00 104.00 OK
r-patched-linux-x86_64 0.3.1 4.44 86.17 90.61 OK
r-release-linux-x86_64 0.3.1 3.85 87.16 91.01 OK
r-release-macos-arm64 0.3.1 53.00 OK
r-release-macos-x86_64 0.3.1 77.00 OK
r-release-windows-x86_64 0.3.1 8.00 113.00 121.00 OK
r-oldrel-macos-arm64 0.3.1 30.00 OK
r-oldrel-windows-x86_64 0.3.1 9.00 104.00 113.00 OK

Check Details

Version: 0.3.1
Check: Rd files
Result: NOTE checkRd: (-1) bind_tweets.Rd:21: Lost braces in \itemize; meant \describe ? checkRd: (-1) bind_tweets.Rd:22: Lost braces in \itemize; meant \describe ? Flavors: r-devel-linux-x86_64-debian-clang, r-devel-linux-x86_64-debian-gcc, r-devel-linux-x86_64-fedora-clang, r-devel-linux-x86_64-fedora-gcc