Last updated on 2023-02-04 08:01:04 CET.
Flavor | Version | Tinstall | Tcheck | Ttotal | Status | Flags |
---|---|---|---|---|---|---|
r-devel-linux-x86_64-debian-clang | 0.1.0 | 1.80 | 22.34 | 24.14 | NOTE | |
r-devel-linux-x86_64-debian-gcc | 0.1.0 | 1.59 | 17.63 | 19.22 | NOTE | |
r-devel-linux-x86_64-fedora-clang | 0.1.0 | 31.47 | NOTE | |||
r-devel-linux-x86_64-fedora-gcc | 0.1.0 | 30.77 | NOTE | |||
r-devel-windows-x86_64 | 0.1.0 | 9.00 | 49.00 | 58.00 | NOTE | |
r-patched-linux-x86_64 | 0.1.0 | 2.06 | 22.06 | 24.12 | NOTE | |
r-release-linux-x86_64 | 0.1.0 | 1.97 | 22.56 | 24.53 | NOTE | |
r-release-macos-arm64 | 0.1.0 | 15.00 | NOTE | |||
r-release-macos-x86_64 | 0.1.0 | 21.00 | NOTE | |||
r-release-windows-x86_64 | 0.1.0 | 12.00 | 55.00 | 67.00 | NOTE | |
r-oldrel-macos-arm64 | 0.1.0 | 21.00 | NOTE | |||
r-oldrel-macos-x86_64 | 0.1.0 | 25.00 | NOTE | |||
r-oldrel-windows-ix86+x86_64 | 0.1.0 | 6.00 | 48.00 | 54.00 | NOTE |
Version: 0.1.0
Check: package subdirectories
Result: NOTE
Problems with news in ‘NEWS.md’:
No news entries found.
Flavors: r-devel-linux-x86_64-debian-clang, r-devel-linux-x86_64-debian-gcc, r-devel-linux-x86_64-fedora-clang, r-devel-linux-x86_64-fedora-gcc, r-devel-windows-x86_64
Version: 0.1.0
Check: LazyData
Result: NOTE
'LazyData' is specified without a 'data' directory
Flavors: r-devel-linux-x86_64-debian-clang, r-devel-linux-x86_64-debian-gcc, r-devel-linux-x86_64-fedora-clang, r-devel-linux-x86_64-fedora-gcc, r-devel-windows-x86_64, r-patched-linux-x86_64, r-release-linux-x86_64, r-release-macos-arm64, r-release-macos-x86_64, r-release-windows-x86_64, r-oldrel-macos-arm64, r-oldrel-macos-x86_64, r-oldrel-windows-ix86+x86_64