Last updated on 2023-02-01 06:56:01 CET.
Flavor | Version | Tinstall | Tcheck | Ttotal | Status | Flags |
---|---|---|---|---|---|---|
r-devel-linux-x86_64-debian-clang | 2.7-3 | 219.70 | 190.00 | 409.70 | NOTE | |
r-devel-linux-x86_64-debian-gcc | 2.7-3 | 158.50 | 141.53 | 300.03 | NOTE | |
r-devel-linux-x86_64-fedora-clang | 2.7-3 | 749.52 | OK | |||
r-devel-linux-x86_64-fedora-gcc | 2.7-3 | 698.26 | OK | |||
r-devel-windows-x86_64 | 2.7-3 | 210.00 | 268.00 | 478.00 | NOTE | |
r-patched-linux-x86_64 | 2.7-3 | 142.73 | 179.80 | 322.53 | NOTE | |
r-release-linux-x86_64 | 2.7-3 | 157.20 | 177.15 | 334.35 | NOTE | |
r-release-macos-arm64 | 2.7-3 | 99.00 | NOTE | |||
r-release-macos-x86_64 | 2.7-3 | 160.00 | NOTE | |||
r-release-windows-x86_64 | 2.7-3 | 194.00 | 270.00 | 464.00 | NOTE | |
r-oldrel-macos-arm64 | 2.7-3 | 106.00 | NOTE | |||
r-oldrel-macos-x86_64 | 2.7-3 | 159.00 | NOTE | |||
r-oldrel-windows-ix86+x86_64 | 2.7-3 | 498.00 | 354.00 | 852.00 | NOTE |
Version: 2.7-3
Check: package dependencies
Result: NOTE
Package suggested but not available for checking: ‘INLA’
Flavors: r-devel-linux-x86_64-debian-clang, r-devel-linux-x86_64-debian-gcc, r-devel-windows-x86_64, r-patched-linux-x86_64, r-release-linux-x86_64, r-release-macos-arm64, r-release-macos-x86_64, r-release-windows-x86_64, r-oldrel-macos-arm64, r-oldrel-macos-x86_64
Version: 2.7-3
Check: installed package size
Result: NOTE
installed size is 11.5Mb
sub-directories of 1Mb or more:
libs 8.5Mb
Flavors: r-release-macos-arm64, r-release-macos-x86_64, r-oldrel-macos-arm64, r-oldrel-macos-x86_64, r-oldrel-windows-ix86+x86_64