CRAN Package Check Results for Package abglasso

Last updated on 2024-02-26 08:48:37 CET.

Flavor Version Tinstall Tcheck Ttotal Status Flags
r-devel-linux-x86_64-debian-clang 0.1.1 1.72 22.51 24.23 OK
r-devel-linux-x86_64-debian-gcc 0.1.1 1.75 17.72 19.47 OK
r-devel-linux-x86_64-fedora-clang 0.1.1 30.99 NOTE
r-devel-linux-x86_64-fedora-gcc 0.1.1 29.46 NOTE
r-devel-windows-x86_64 0.1.1 2.00 39.00 41.00 OK
r-patched-linux-x86_64 0.1.1 1.62 22.32 23.94 OK
r-release-linux-x86_64 0.1.1 2.19 22.25 24.44 OK
r-release-macos-arm64 0.1.1 15.00 OK
r-release-macos-x86_64 0.1.1 21.00 OK
r-release-windows-x86_64 0.1.1 5.00 39.00 44.00 OK
r-oldrel-macos-arm64 0.1.1 16.00 OK
r-oldrel-windows-x86_64 0.1.1 4.00 44.00 48.00 OK

Check Details

Version: 0.1.1
Check: dependencies in R code
Result: NOTE Namespace in Imports field not imported from: ‘MASS’ All declared Imports should be used. Flavors: r-devel-linux-x86_64-fedora-clang, r-devel-linux-x86_64-fedora-gcc