CRAN Package Check Results for Package aPEAR

Last updated on 2024-02-26 08:48:38 CET.

Flavor Version Tinstall Tcheck Ttotal Status Flags
r-devel-linux-x86_64-debian-clang 1.0.0 15.56 196.91 212.47 OK
r-devel-linux-x86_64-debian-gcc 1.0.0 10.42 97.44 107.86 NOTE
r-devel-linux-x86_64-fedora-clang 1.0.0 224.29 OK
r-devel-linux-x86_64-fedora-gcc 1.0.0 196.70 NOTE
r-devel-windows-x86_64 1.0.0 13.00 160.00 173.00 OK
r-patched-linux-x86_64 1.0.0 15.05 185.19 200.24 OK
r-release-linux-x86_64 1.0.0 14.22 127.47 141.69 NOTE
r-release-macos-arm64 1.0.0 79.00 OK
r-release-macos-x86_64 1.0.0 178.00 OK
r-release-windows-x86_64 1.0.0 17.00 195.00 212.00 OK
r-oldrel-macos-arm64 1.0.0 76.00 OK
r-oldrel-windows-x86_64 1.0.0 17.00 210.00 227.00 OK

Check Details

Version: 1.0.0
Check: package dependencies
Result: NOTE Package suggested but not available for checking: ‘clusterProfiler’ Flavors: r-devel-linux-x86_64-debian-gcc, r-devel-linux-x86_64-fedora-gcc, r-release-linux-x86_64

Version: 1.0.0
Check: re-building of vignette outputs
Result: NOTE Note: skipping ‘aPEAR-vignette.Rmd’ due to unavailable dependencies: 'clusterProfiler' Flavors: r-devel-linux-x86_64-debian-gcc, r-devel-linux-x86_64-fedora-gcc, r-release-linux-x86_64