Last updated on 2023-02-01 06:56:30 CET.
Flavor | Version | Tinstall | Tcheck | Ttotal | Status | Flags |
---|---|---|---|---|---|---|
r-devel-linux-x86_64-debian-clang | 1.0.1 | 16.85 | 216.01 | 232.86 | OK | |
r-devel-linux-x86_64-debian-gcc | 1.0.1 | 12.76 | 164.28 | 177.04 | OK | |
r-devel-linux-x86_64-fedora-clang | 1.0.1 | 291.73 | NOTE | |||
r-devel-linux-x86_64-fedora-gcc | 1.0.1 | 310.44 | NOTE | |||
r-devel-windows-x86_64 | 1.0.1 | 23.00 | 278.00 | 301.00 | OK | |
r-patched-linux-x86_64 | 1.0.1 | 15.71 | 217.01 | 232.72 | OK | |
r-release-linux-x86_64 | 1.0.1 | 11.32 | 232.87 | 244.19 | OK | |
r-release-macos-arm64 | 1.0.1 | 107.00 | NOTE | |||
r-release-macos-x86_64 | 1.0.1 | 111.00 | NOTE | |||
r-release-windows-x86_64 | 1.0.1 | 26.00 | 267.00 | 293.00 | OK | |
r-oldrel-macos-arm64 | 1.0.1 | 94.00 | NOTE | |||
r-oldrel-macos-x86_64 | 1.0.1 | 106.00 | NOTE | |||
r-oldrel-windows-ix86+x86_64 | 1.0.1 | 36.00 | 250.00 | 286.00 | OK |
Version: 1.0.1
Check: dependencies in R code
Result: NOTE
Namespace in Imports field not imported from: ‘dplyr’
All declared Imports should be used.
Flavors: r-devel-linux-x86_64-fedora-clang, r-devel-linux-x86_64-fedora-gcc, r-release-macos-arm64, r-release-macos-x86_64, r-oldrel-macos-arm64, r-oldrel-macos-x86_64