CRAN Package Check Results for Package ZIM

Last updated on 2024-02-27 07:55:05 CET.

Flavor Version Tinstall Tcheck Ttotal Status Flags
r-devel-linux-x86_64-debian-clang 1.1.0 4.77 36.19 40.96 OK
r-devel-linux-x86_64-debian-gcc 1.1.0 3.76 27.69 31.45 OK
r-devel-linux-x86_64-fedora-clang 1.1.0 50.33 NOTE
r-devel-linux-x86_64-fedora-gcc 1.1.0 48.52 OK
r-devel-windows-x86_64 1.1.0 5.00 49.00 54.00 OK
r-patched-linux-x86_64 1.1.0 5.64 34.28 39.92 OK
r-release-linux-x86_64 1.1.0 4.85 34.06 38.91 OK
r-release-macos-arm64 1.1.0 20.00 OK
r-release-macos-x86_64 1.1.0 28.00 OK
r-release-windows-x86_64 1.1.0 4.00 49.00 53.00 OK
r-oldrel-macos-arm64 1.1.0 19.00 OK
r-oldrel-windows-x86_64 1.1.0 8.00 51.00 59.00 OK

Check Details

Version: 1.1.0
Check: Rd cross-references
Result: NOTE Undeclared package ‘dplyr’ in Rd xrefs Flavor: r-devel-linux-x86_64-fedora-clang