Last updated on 2023-01-31 07:54:30 CET.
Flavor | Version | Tinstall | Tcheck | Ttotal | Status | Flags |
---|---|---|---|---|---|---|
r-devel-linux-x86_64-debian-clang | 1.1.0 | 4.20 | 34.42 | 38.62 | OK | |
r-devel-linux-x86_64-debian-gcc | 1.1.0 | 4.29 | 25.88 | 30.17 | OK | |
r-devel-linux-x86_64-fedora-clang | 1.1.0 | 48.84 | NOTE | |||
r-devel-linux-x86_64-fedora-gcc | 1.1.0 | 47.11 | OK | |||
r-devel-windows-x86_64 | 1.1.0 | 16.00 | 67.00 | 83.00 | OK | |
r-patched-linux-x86_64 | 1.1.0 | 5.69 | 33.26 | 38.95 | OK | |
r-release-linux-x86_64 | 1.1.0 | 3.67 | 32.69 | 36.36 | OK | |
r-release-macos-arm64 | 1.1.0 | 18.00 | OK | |||
r-release-macos-x86_64 | 1.1.0 | 26.00 | OK | |||
r-release-windows-x86_64 | 1.1.0 | 11.00 | 62.00 | 73.00 | OK | |
r-oldrel-macos-arm64 | 1.1.0 | 27.00 | OK | |||
r-oldrel-macos-x86_64 | 1.1.0 | 28.00 | OK | |||
r-oldrel-windows-ix86+x86_64 | 1.1.0 | 9.00 | 54.00 | 63.00 | OK |
Version: 1.1.0
Check: Rd cross-references
Result: NOTE
Undeclared package ‘dplyr’ in Rd xrefs
Flavor: r-devel-linux-x86_64-fedora-clang