CRAN Package Check Results for Package WaverideR

Last updated on 2024-04-21 06:55:13 CEST.

Flavor Version Tinstall Tcheck Ttotal Status Flags
r-devel-linux-x86_64-debian-clang 0.3.2 35.92 221.33 257.25 NOTE
r-devel-linux-x86_64-debian-gcc 0.3.2 24.94 157.49 182.43 NOTE
r-devel-linux-x86_64-fedora-clang 0.3.2 319.83 NOTE
r-devel-linux-x86_64-fedora-gcc 0.3.2 297.04 NOTE
r-prerel-macos-arm64 0.3.2 94.00 NOTE
r-prerel-windows-x86_64 0.3.2 25.00 168.00 193.00 NOTE
r-patched-linux-x86_64 0.3.2 31.64 209.75 241.39 NOTE
r-release-linux-x86_64 0.3.2 19.67 196.41 216.08 OK
r-release-macos-arm64 0.3.2 120.00 OK
r-release-macos-x86_64 0.3.2 416.00 OK
r-release-windows-x86_64 0.3.2 32.00 208.00 240.00 OK
r-oldrel-macos-arm64 0.3.2 169.00 OK
r-oldrel-windows-x86_64 0.3.2 34.00 198.00 232.00 OK

Check Details

Version: 0.3.2
Check: Rd files
Result: NOTE checkRd: (-1) anchor_points_grey.Rd:9: Lost braces 9 | Zeeden et al., (2013) and anchored to the code{\link{astrosignal_example}} \cr | ^ checkRd: (-1) retrack_wt_MC.Rd:206: Lost braces 206 | be off in certain intervals. the link[WaverideR]{retrack_wt_MC} mitigates | ^ checkRd: (-1) retrack_wt_MC.Rd:40: Lost braces 40 | link[WaverideR]{analyze_wavelet} wavelet function | ^ checkRd: (-1) retrack_wt_MC.Rd:41: Lost braces 41 | To create a list use the link[base]{list} function} | ^ checkRd: (-1) retrack_wt_MC.Rd:44: Lost braces 44 | To create the matrix use the link[base]{cbind} function and only add the | ^ Flavors: r-devel-linux-x86_64-debian-clang, r-devel-linux-x86_64-debian-gcc, r-devel-linux-x86_64-fedora-clang, r-devel-linux-x86_64-fedora-gcc, r-prerel-macos-arm64, r-prerel-windows-x86_64, r-patched-linux-x86_64

Version: 0.3.2
Check: Rd cross-references
Result: NOTE Undeclared package ‘StratigrapheR’ in Rd xrefs Flavor: r-devel-linux-x86_64-fedora-clang