Last updated on 2023-02-04 08:01:32 CET.
Flavor | Version | Tinstall | Tcheck | Ttotal | Status | Flags |
---|---|---|---|---|---|---|
r-devel-linux-x86_64-debian-clang | 0.1.1 | 14.89 | 125.06 | 139.95 | NOTE | |
r-devel-linux-x86_64-debian-gcc | 0.1.1 | 11.29 | 94.98 | 106.27 | NOTE | |
r-devel-linux-x86_64-fedora-clang | 0.1.1 | 181.16 | NOTE | |||
r-devel-linux-x86_64-fedora-gcc | 0.1.1 | 175.73 | NOTE | |||
r-devel-windows-x86_64 | 0.1.1 | 25.00 | 145.00 | 170.00 | NOTE | |
r-patched-linux-x86_64 | 0.1.1 | 11.78 | 120.49 | 132.27 | NOTE | |
r-release-linux-x86_64 | 0.1.1 | 12.74 | 118.42 | 131.16 | NOTE | |
r-release-macos-arm64 | 0.1.1 | 45.00 | NOTE | |||
r-release-macos-x86_64 | 0.1.1 | 86.00 | NOTE | |||
r-release-windows-x86_64 | 0.1.1 | 23.00 | 156.00 | 179.00 | NOTE | |
r-oldrel-macos-arm64 | 0.1.1 | 50.00 | NOTE | |||
r-oldrel-macos-x86_64 | 0.1.1 | 70.00 | NOTE | |||
r-oldrel-windows-ix86+x86_64 | 0.1.1 | 33.00 | 145.00 | 178.00 | NOTE |
Version: 0.1.1
Check: LazyData
Result: NOTE
'LazyData' is specified without a 'data' directory
Flavors: r-devel-linux-x86_64-debian-clang, r-devel-linux-x86_64-debian-gcc, r-devel-linux-x86_64-fedora-clang, r-devel-linux-x86_64-fedora-gcc, r-devel-windows-x86_64, r-patched-linux-x86_64, r-release-linux-x86_64, r-release-macos-arm64, r-release-macos-x86_64, r-release-windows-x86_64, r-oldrel-macos-arm64, r-oldrel-macos-x86_64, r-oldrel-windows-ix86+x86_64