Last updated on 2023-02-08 06:56:42 CET.
Flavor | Version | Tinstall | Tcheck | Ttotal | Status | Flags |
---|---|---|---|---|---|---|
r-devel-linux-x86_64-debian-clang | 1.72-1 | 79.82 | 469.27 | 549.09 | OK | |
r-devel-linux-x86_64-debian-gcc | 1.72-1 | 67.70 | 337.45 | 405.15 | OK | |
r-devel-linux-x86_64-fedora-clang | 1.72-1 | 683.28 | OK | |||
r-devel-linux-x86_64-fedora-gcc | 1.72-1 | 653.74 | OK | |||
r-devel-windows-x86_64 | 1.72-1 | 167.00 | 572.00 | 739.00 | OK | |
r-patched-linux-x86_64 | 1.72-1 | 70.78 | 428.91 | 499.69 | OK | |
r-release-linux-x86_64 | 1.72-1 | 59.66 | 429.35 | 489.01 | OK | |
r-release-macos-arm64 | 1.72-1 | 126.00 | NOTE | |||
r-release-macos-x86_64 | 1.72-1 | 204.00 | OK | |||
r-release-windows-x86_64 | 1.72-1 | 191.00 | 556.00 | 747.00 | OK | |
r-oldrel-macos-arm64 | 1.72-1 | 119.00 | NOTE | |||
r-oldrel-macos-x86_64 | 1.72-1 | 199.00 | OK | |||
r-oldrel-windows-ix86+x86_64 | 1.72-1 | 154.00 | 831.00 | 985.00 | NOTE |
Version: 1.72-1
Check: installed package size
Result: NOTE
installed size is 5.2Mb
sub-directories of 1Mb or more:
R 2.0Mb
libs 1.5Mb
Flavors: r-release-macos-arm64, r-oldrel-macos-arm64, r-oldrel-windows-ix86+x86_64