CRAN Package Check Results for Package WEGE

Last updated on 2023-03-31 07:53:43 CEST.

Flavor Version Tinstall Tcheck Ttotal Status Flags
r-devel-linux-x86_64-debian-clang 0.1.0 32.11 294.00 326.11 NOTE
r-devel-linux-x86_64-debian-gcc 0.1.0 26.46 217.65 244.11 NOTE
r-devel-linux-x86_64-fedora-clang 0.1.0 401.05 NOTE
r-devel-linux-x86_64-fedora-gcc 0.1.0 388.89 NOTE
r-devel-windows-x86_64 0.1.0 29.00 0.00 29.00 NOTE
r-patched-linux-x86_64 0.1.0 31.11 280.74 311.85 NOTE
r-release-linux-x86_64 0.1.0 27.81 276.18 303.99 NOTE
r-release-macos-arm64 0.1.0 69.00 NOTE
r-release-macos-x86_64 0.1.0 111.00 NOTE
r-release-windows-x86_64 0.1.0 31.00 304.00 335.00 NOTE
r-oldrel-macos-arm64 0.1.0 48.00 NOTE
r-oldrel-macos-x86_64 0.1.0 77.00 NOTE
r-oldrel-windows-ix86+x86_64 0.1.0 69.00 270.00 339.00 NOTE

Check Details

Version: 0.1.0
Check: LazyData
Result: NOTE
     'LazyData' is specified without a 'data' directory
Flavors: r-devel-linux-x86_64-debian-clang, r-devel-linux-x86_64-debian-gcc, r-devel-linux-x86_64-fedora-clang, r-devel-linux-x86_64-fedora-gcc, r-devel-windows-x86_64, r-patched-linux-x86_64, r-release-linux-x86_64, r-release-macos-arm64, r-release-macos-x86_64, r-release-windows-x86_64, r-oldrel-macos-arm64, r-oldrel-macos-x86_64, r-oldrel-windows-ix86+x86_64