CRAN Package Check Results for Package VedicDateTime

Last updated on 2023-02-07 07:54:18 CET.

Flavor Version Tinstall Tcheck Ttotal Status Flags
r-devel-linux-x86_64-debian-clang 0.1.1 3.24 40.47 43.71 OK
r-devel-linux-x86_64-debian-gcc 0.1.1 2.38 32.34 34.72 OK
r-devel-linux-x86_64-fedora-clang 0.1.1 58.35 OK
r-devel-linux-x86_64-fedora-gcc 0.1.1 66.39 OK
r-devel-windows-x86_64 0.1.1 74.00 86.00 160.00 OK
r-patched-linux-x86_64 0.1.1 3.53 39.39 42.92 OK
r-release-linux-x86_64 0.1.1 3.27 40.87 44.14 OK
r-release-macos-arm64 0.1.1 30.00 OK
r-release-macos-x86_64 0.1.1 31.00 OK
r-release-windows-x86_64 0.1.1 58.00 85.00 143.00 OK
r-oldrel-macos-arm64 0.1.1 22.00 OK
r-oldrel-macos-x86_64 0.1.1 37.00 OK
r-oldrel-windows-ix86+x86_64 0.1.1 7.00 189.00 196.00 WARN

Additional issues

M1mac

Check Details

Version: 0.1.1
Check: re-building of vignette outputs
Result: WARN
    Error(s) in re-building vignettes:
    --- re-building 'VedicDateTime.Rmd' using rmarkdown
    Error: processing vignette 'VedicDateTime.Rmd' failed with diagnostics:
    Using a custom highlighting style requires Pandoc 2.0 and above
    --- failed re-building 'VedicDateTime.Rmd'
    
    SUMMARY: processing the following file failed:
     'VedicDateTime.Rmd'
    
    Error: Vignette re-building failed.
    Execution halted
Flavor: r-oldrel-windows-ix86+x86_64