CRAN Package Check Results for Package VaRES

Last updated on 2023-12-03 08:50:26 CET.

Flavor Version Tinstall Tcheck Ttotal Status Flags
r-devel-linux-x86_64-debian-clang 1.0.2 16.42 85.54 101.96 NOTE
r-devel-linux-x86_64-debian-gcc 1.0.2 12.56 63.62 76.18 NOTE
r-devel-linux-x86_64-fedora-clang 1.0.2 126.83 OK
r-devel-linux-x86_64-fedora-gcc 1.0.2 121.60 OK
r-devel-windows-x86_64 1.0.2 15.00 93.00 108.00 OK
r-patched-linux-x86_64 1.0.2 16.60 83.80 100.40 OK
r-release-linux-x86_64 1.0.2 12.07 81.22 93.29 OK
r-release-macos-arm64 1.0.2 36.00 OK
r-release-macos-x86_64 1.0.2 90.00 OK
r-release-windows-x86_64 1.0.2 17.00 109.00 126.00 OK
r-oldrel-macos-arm64 1.0.2 33.00 OK
r-oldrel-macos-x86_64 1.0.2 43.00 OK
r-oldrel-windows-x86_64 1.0.2 23.00 107.00 130.00 OK

Check Details

Version: 1.0.2
Check: Rd files
Result: NOTE checkRd: (-1) betaburr.Rd:7: Lost braces 7 | \description{Computes the pdf, cdf, value at risk and expected shortfall for the beta Burr distribution due to Parana\'{i}ba et al. (2011) given by | ^ checkRd: (-1) betafrechet.Rd:7: Lost braces 7 | \description{Computes the pdf, cdf, value at risk and expected shortfall for the beta Fr\'{e}chet distribution due to Barreto-Souza et al. (2011) given by | ^ checkRd: (-1) frechet.Rd:7: Lost braces 7 | \description{Computes the pdf, cdf, value at risk and expected shortfall for the Fr\'{e}chet distribution due to Fr\'{e}chet (1927) given by | ^ checkRd: (-1) frechet.Rd:7: Lost braces 7 | \description{Computes the pdf, cdf, value at risk and expected shortfall for the Fr\'{e}chet distribution due to Fr\'{e}chet (1927) given by | ^ checkRd: (-1) kumburr7.Rd:7: Lost braces 7 | \description{Computes the pdf, cdf, value at risk and expected shortfall for the Kumaraswamy Burr XII distribution due to Parana\'{i}ba et al. (2013) given by | ^ Flavors: r-devel-linux-x86_64-debian-clang, r-devel-linux-x86_64-debian-gcc