CRAN Package Check Results for Package VaRES

Last updated on 2024-06-19 08:58:04 CEST.

Flavor Version Tinstall Tcheck Ttotal Status Flags
r-devel-linux-x86_64-debian-clang 1.0.2 14.57 91.68 106.25 NOTE
r-devel-linux-x86_64-debian-gcc 1.0.2 11.44 62.44 73.88 NOTE
r-devel-linux-x86_64-fedora-clang 1.0.2 130.30 NOTE
r-devel-linux-x86_64-fedora-gcc 1.0.2 121.72 NOTE
r-devel-windows-x86_64 1.0.2 14.00 92.00 106.00 NOTE
r-patched-linux-x86_64 1.0.2 15.82 84.65 100.47 NOTE
r-release-linux-x86_64 1.0.2 17.34 84.63 101.97 NOTE
r-release-macos-arm64 1.0.2 30.00 NOTE
r-release-macos-x86_64 1.0.2 65.00 NOTE
r-release-windows-x86_64 1.0.2 16.00 89.00 105.00 NOTE
r-oldrel-macos-arm64 1.0.2 36.00 OK
r-oldrel-macos-x86_64 1.0.2 90.00 OK
r-oldrel-windows-x86_64 1.0.2 17.00 109.00 126.00 OK

Check Details

Version: 1.0.2
Check: Rd files
Result: NOTE checkRd: (-1) betaburr.Rd:7: Lost braces 7 | \description{Computes the pdf, cdf, value at risk and expected shortfall for the beta Burr distribution due to Parana\'{i}ba et al. (2011) given by | ^ checkRd: (-1) betafrechet.Rd:7: Lost braces 7 | \description{Computes the pdf, cdf, value at risk and expected shortfall for the beta Fr\'{e}chet distribution due to Barreto-Souza et al. (2011) given by | ^ checkRd: (-1) frechet.Rd:7: Lost braces 7 | \description{Computes the pdf, cdf, value at risk and expected shortfall for the Fr\'{e}chet distribution due to Fr\'{e}chet (1927) given by | ^ checkRd: (-1) frechet.Rd:7: Lost braces 7 | \description{Computes the pdf, cdf, value at risk and expected shortfall for the Fr\'{e}chet distribution due to Fr\'{e}chet (1927) given by | ^ checkRd: (-1) kumburr7.Rd:7: Lost braces 7 | \description{Computes the pdf, cdf, value at risk and expected shortfall for the Kumaraswamy Burr XII distribution due to Parana\'{i}ba et al. (2013) given by | ^ Flavors: r-devel-linux-x86_64-debian-clang, r-devel-linux-x86_64-debian-gcc, r-devel-linux-x86_64-fedora-clang, r-devel-linux-x86_64-fedora-gcc, r-devel-windows-x86_64, r-patched-linux-x86_64, r-release-linux-x86_64, r-release-macos-arm64, r-release-macos-x86_64, r-release-windows-x86_64