CRAN Package Check Results for Package VWPre

Last updated on 2023-02-05 07:57:40 CET.

Flavor Version Tinstall Tcheck Ttotal Status Flags
r-devel-linux-x86_64-debian-clang 1.2.4 12.07 124.68 136.75 OK
r-devel-linux-x86_64-debian-gcc 1.2.4 9.55 89.00 98.55 OK
r-devel-linux-x86_64-fedora-clang 1.2.4 168.25 NOTE
r-devel-linux-x86_64-fedora-gcc 1.2.4 168.05 OK
r-devel-windows-x86_64 1.2.4 36.00 166.00 202.00 OK
r-patched-linux-x86_64 1.2.4 9.69 114.48 124.17 OK
r-release-linux-x86_64 1.2.4 9.61 110.03 119.64 OK
r-release-macos-arm64 1.2.4 56.00 OK
r-release-macos-x86_64 1.2.4 90.00 OK
r-release-windows-x86_64 1.2.4 33.00 163.00 196.00 OK
r-oldrel-macos-arm64 1.2.4 67.00 OK
r-oldrel-macos-x86_64 1.2.4 76.00 OK
r-oldrel-windows-ix86+x86_64 1.2.4 24.00 154.00 178.00 OK

Check Details

Version: 1.2.4
Check: Rd cross-references
Result: NOTE
    Undeclared package ‘tibble’ in Rd xrefs
Flavor: r-devel-linux-x86_64-fedora-clang