Last updated on 2023-01-28 07:15:11 CET.
Flavor | Version | Tinstall | Tcheck | Ttotal | Status | Flags |
---|---|---|---|---|---|---|
r-devel-linux-x86_64-debian-clang | 1.0.1 | 44.78 | 99.80 | 144.58 | OK | |
r-devel-linux-x86_64-debian-gcc | 1.0.1 | 36.96 | 83.07 | 120.03 | NOTE | |
r-devel-linux-x86_64-fedora-clang | 1.0.1 | 171.56 | OK | |||
r-devel-linux-x86_64-fedora-gcc | 1.0.1 | 150.70 | NOTE | |||
r-devel-windows-x86_64 | 1.0.1 | 51.00 | 105.00 | 156.00 | OK | |
r-patched-linux-x86_64 | 1.0.1 | 36.23 | 73.83 | 110.06 | OK | |
r-release-linux-x86_64 | 1.0.1 | 35.95 | 76.79 | 112.74 | OK | |
r-release-macos-arm64 | 1.0.1 | 36.00 | NOTE | |||
r-release-macos-x86_64 | 1.0.1 | 54.00 | NOTE | |||
r-release-windows-x86_64 | 1.0.1 | 42.00 | 109.00 | 151.00 | OK | |
r-oldrel-macos-arm64 | 1.0.1 | 33.00 | NOTE | |||
r-oldrel-macos-x86_64 | 1.0.1 | 52.00 | NOTE | |||
r-oldrel-windows-ix86+x86_64 | 1.0.1 | 105.00 | 144.00 | 249.00 | OK |
Version: 1.0.1
Check: C++ specification
Result: NOTE
Specified C++11: please update to current default of C++17
Flavors: r-devel-linux-x86_64-debian-gcc, r-devel-linux-x86_64-fedora-gcc
Version: 1.0.1
Check: installed package size
Result: NOTE
installed size is 5.3Mb
sub-directories of 1Mb or more:
libs 3.8Mb
Flavors: r-release-macos-arm64, r-release-macos-x86_64, r-oldrel-macos-arm64, r-oldrel-macos-x86_64