Last updated on 2023-06-02 07:55:38 CEST.
Flavor | Version | Tinstall | Tcheck | Ttotal | Status | Flags |
---|---|---|---|---|---|---|
r-devel-linux-x86_64-debian-clang | 1.1-8 | 120.58 | 739.94 | 860.52 | OK | |
r-devel-linux-x86_64-debian-gcc | 1.1-8 | 86.64 | 533.05 | 619.69 | OK | |
r-devel-linux-x86_64-fedora-clang | 1.1-8 | 1042.05 | NOTE | |||
r-devel-linux-x86_64-fedora-gcc | 1.1-8 | 1069.68 | OK | |||
r-devel-windows-x86_64 | 1.1-8 | 95.00 | 650.00 | 745.00 | NOTE | |
r-patched-linux-x86_64 | 1.1-8 | OK | ||||
r-release-linux-x86_64 | 1.1-8 | 107.78 | 701.69 | 809.47 | OK | |
r-release-macos-arm64 | 1.1-8 | 238.00 | NOTE | |||
r-release-macos-x86_64 | 1.1-8 | 444.00 | NOTE | |||
r-release-windows-x86_64 | 1.1-8 | 101.00 | 818.00 | 919.00 | NOTE | |
r-oldrel-macos-arm64 | 1.1-8 | 203.00 | NOTE | |||
r-oldrel-macos-x86_64 | 1.1-8 | 307.00 | NOTE | |||
r-oldrel-windows-x86_64 | 1.1-8 | 148.00 | 750.00 | 898.00 | NOTE |
Version: 1.1-8
Check: installed package size
Result: NOTE
installed size is 7.9Mb
sub-directories of 1Mb or more:
R 4.1Mb
help 2.9Mb
Flavors: r-devel-linux-x86_64-fedora-clang, r-devel-windows-x86_64, r-release-macos-arm64, r-release-macos-x86_64, r-release-windows-x86_64, r-oldrel-macos-arm64, r-oldrel-macos-x86_64, r-oldrel-windows-x86_64
Version: 1.1-8
Check: package dependencies
Result: NOTE
Package suggested but not available for checking: ‘VGAMextra’
Package which this enhances but not available for checking: ‘VGAMdata’
Flavor: r-release-macos-x86_64
Version: 1.1-8
Check: Rd cross-references
Result: NOTE
Packages unavailable to check Rd xrefs: ‘VGAMdata’, ‘VGAMextra’
Flavor: r-release-macos-x86_64